at is x(2)?
-3
Let q(j) = -j**3 - 6*j**2 - 2*j + 7. Let b = 141 + -147. Let o be (10*-1)/(b - (-7 - 1)). Calculate q(o).
-8
Let a(p) = 7*p + 14. Let m(r) = 9*r + 22. Let t(d) = 4*a(d) - 3*m(d). Calculate t(10).
0
Let j(r) be the third derivative of -r**6/60 - 7*r**5/15 + r**4/8 + 13*r**3/2 + 2*r**2 - r + 213. Determine j(-14).
-3
Let f be 36/54*(1*6)/2. Let v(g) = -15*g**f - 1 - 20*g**2 + 31*g**2 - g**3 - 3*g. Give v(-2).
-3
Let l(f) = -f**3 + 63*f**2 - 2*f + 119. Let b be l(63). Let s(v) be the first derivative of v**2/2 - 4*v - 2. Determine s(b).
-11
Let v(p) = 2. Let c(n) = 27 - 28 + 11 + 9*n. Let j(i) = c(i) - 3*v(i). Determine j(-2).
-14
Suppose i + 5 = -1. Let y(w) be the second derivative of w**5/20 + 7*w**4/12 + 5*w**3/6 + 3*w**2 - 121402*w. Give y(i).
12
Let y(s) = -s**2 - 2*s + 14. Let l(k) = -k + 1. Let p(o) = 3*l(o) - y(o). Let m be 0*(-9)/540*-10. Determine p(m).
-11
Let r(m) be the second derivative of -m**3 - 101*m**2/2 + 1005*m. What is r(-17)?
1
Suppose m = -2*s + 5*m - 6, -2*m = -3*s + 3. Suppose 2*g - 10*o + 12*o = 10, -o - s = 0. Let w(u) = -u**2 + 10*u. Give w(g).
16
Let k(b) be the second derivative of b**7/1260 - b**6/120 + 23*b**4/12 - b + 46. Let o(m) be the third derivative of k(m). Determine o(4).
8
Let l(m) be the first derivative of -m**4/4 + 2*m**3 + 19*m**2/2 - 31*m + 1322. Give l(8).
-7
Let s(p) = -297 + 2*p - 5*p + 234 - 3*p + p. What is s(-11)?
-8
Suppose 5*s + 69 = 164. Suppose s*i + 2 = -36. Let n(j) = -3*j + 3*j - 4*j. Give n(i).
8
Suppose 4*a + 2*w = 4*w + 28, 0 = -2*a + 2*w + 16. Let x(m) = -m**3 + 7*m**2 - m + 5. What is x(a)?
35
Let u(a) = 2*a + 2. Suppose 0 = 2*q - 5*y + 15 - 32, -2*q + 4*y + 16 = 0. Give u(q).
14
Let r(p) = -p**2 - 23*p - 51. Let c(n) = 4*n**2 - 15*n - 594. Let q be c(14). Give r(q).
9
Let f(p) = -3*p**2 - 7*p + 1. Let r be 13*(6/10)/(7/(-35)). Let m = 37 + r. Let k(o) = 10*o**2 + 21*o - 4. Let y(a) = m*k(a) - 7*f(a). Calculate y(-7).
1
Let j(f) be the second derivative of f**5/20 - f**4/12 - f**3/3 + 2585*f. Calculate j(2).
0
Let a(g) = -22*g**2 - 12*g + 14. Let j(u) = 9*u**2 + 6*u - 6. Let x(f) = -2*a(f) - 5*j(f). Let v = -14 + 7. What is x(v)?
-5
Let x = 346 + 158. Suppose -8*t = 472 - x. Let w(q) = q + 4. Calculate w(t).
8
Let n(a) = -49*a - 50*a + 8 + 102*a. Let h(l) = l + 3. Let y(i) = -7*h(i) + 2*n(i). What is y(-5)?
0
Suppose 5 = 11*l + 17 - 34. Let z(c) be the first derivative of 9/2*c**l - 7*c + 4 - 1/3*c**3. What is z(5)?
13
Let s = 1 - -6. Let a(p) = -4*p - 4*p + s*p - 2*p. Let z be 3*((-352)/6)/(-22). Give a(z).
-24
Let v = -166 - -231. Suppose 66*n - 79*n = -v. Let j(o) = -o + 2. Calculate j(n).
-3
Suppose -224 = 2*t + 2*t + 2*b, 0 = 4*t + 4*b + 220. Let j = t - -63. Let n(h) = h + 1 + j*h + 9*h - 15*h. Calculate n(3).
4
Suppose 6*z - 2*z = 1068. Let t = z - 157. Suppose 6*y = -5*y + t. Let f(k) = k - 3. Give f(y).
7
Let v(j) be the third derivative of -j**4/12 + j**3/3 + j**2. Let m be (65 - 64)*12/(-12). What is v(m)?
4
Let w(b) be the first derivative of -11*b - 150 - 1/4*b**4 + 5/2*b**2 - 7/3*b**3. Calculate w(-8).
13
Let i(g) = g**2 + 19*g - 189. Suppose -5*o - 12099 + 11969 = 0. Give i(o).
-7
Let s(r) = r**3 + 2*r**2 - r - 2. Let k(i) = -i**2 + 20*i + 7. Let y be k(20). Let l(g) = -9 - y - 7 + 2*g. Let p be l(10). Give s(p).
-8
Let k(p) = -p**3 + 15*p**2 - 11*p - 35. Let b be k(14). Suppose -b*u - 40 = 3*u. Let d(i) = 2*i + 5. Give d(u).
-3
Let j(v) be the first derivative of v**5/20 - v**4/3 - v**3/6 + v**2 - 204*v - 226. Let t(i) be the first derivative of j(i). Calculate t(4).
-2
Let p(v) = -v**2 - 65*v - 35. Let t(o) = -43*o - 23. Let z(u) = 5*p(u) - 8*t(u). Let f(c) = -c**2 + 5*c + 2. Let k(q) = -9*f(q) + 2*z(q). Give k(-6).
6
Let o(x) = 550*x + 531*x + 517*x + 3 + 544*x - 2100*x. Give o(2).
87
Let h(v) be the second derivative of 0 + 2/3*v**3 + 5/2*v**2 + 24*v + 1/12*v**4. Calculate h(-4).
5
Let n be -6 + (-4)/20*-10. Let c(q) = -q**2 + 5*q + 6. Determine c(n).
-30
Let r(w) be the first derivative of -1/2*w**2 - 28 - 6*w. Give r(-7).
1
Let u(h) = 3*h**2 + 47*h - 56 - 95*h + 63 + h**2. Determine u(12).
7
Let i(y) = y**3 - 17*y**2 + 15*y + 23. Let u be i(16). Suppose f - 7 = 4*z, -2*z + 10 = -u*z + f. Let j(c) = c**2 + 2. Give j(z).
11
Let n(x) = -7*x + 188. Let m(o) = 8*o - 216. Let v(b) = 6*m(b) + 7*n(b). Let d(i) = 9*i - 5. Let j be d(2). Give v(j).
7
Let l(v) be the first derivative of 7*v**2 + 2/3*v**3 + 7*v + 234. Determine l(-6).
-5
Let p(g) be the second derivative of 1/6*g**3 + 0 - 114*g - 7/12*g**4 - g**2 + 1/20*g**5. Determine p(6).
-32
Let i be (177/30 - 6)*-34 + 4/(-10). Let y(v) = -2*v**2 + 9*v - 15. What is y(i)?
-6
Let n be (1*(-2)/12)/(3/(-9))*14. Let i(a) = -a**3 + 8*a**2 - 12*a + 17. What is i(n)?
-18
Let c(y) = 8*y + 302. Let p be c(-38). Let k be -20 - -17 - p/(-3)*-9. Let f(u) = 3*u**2 - 5*u + 2. Determine f(k).
14
Let o be (14/21 - 1)*(-7 + 1). Let c(x) = 6 - 3 - x - 9 - 6*x**o + 6. What is c(1)?
-7
Let d(p) = 2*p + 11. Let i be 4/((-125)/(-20) + -6). Suppose 0 = 3*a + i + 5. Give d(a).
-3
Let q(f) = -f**3 - 4*f**2 - f. Suppose 2 = -3*s + 8. Let j be (1 - s)/(-6) + (-25)/6. Determine q(j).
4
Let x(o) be the third derivative of -o**4/24 - 19*o**3/6 + o**2 - 27*o. Let f be x(-18). Let b(a) = -a**3 - a**2 - 2*a - 1. Calculate b(f).
1
Let b be -4 - ((-2 - 0) + 27 + (-88)/11). Let j(y) = -y**3 - 20*y**2 + 25*y + 1. Determine j(b).
-83
Let v = -7 + 9. Let n(j) = 9*j**2 - 11*j**v + 5*j**2 + 4 + j**3 - j. Suppose 2*m + 7*z = 4*z - 21, -3*z - 30 = 5*m. Give n(m).
7
Let d(v) = 6*v + 166. Let o be d(-27). Let r(t) = -3*t - 9 + 0*t - o*t + 8*t. Give r(7).
-2
Let j(s) be the first derivative of 11*s**2/2 - 10*s - 1247. Calculate j(0).
-10
Let s(o) = -o - 1. Let f be s(-1). Suppose f = g + 1. Let j(x) = -1. Let k(c) = c + 6. Let h(u) = g*k(u) + 5*j(u). Calculate h(-7).
-4
Let o be -4*21/(-14) + (-15)/6. Let n(a) be the first derivative of -1/3*a**3 + 0*a + o*a**2 - 21. What is n(6)?
6
Let q = 3264 - 3255. Let s(i) = -i**3 + 8*i**2 + 7*i + 5. What is s(q)?
-13
Let l(q) be the first derivative of -5*q + 3/2*q**2 - 5/3*q**3 - 1 + 1/4*q**4. Suppose -42 + 6 = 361*m - 370*m. Determine l(m).
-9
Let c(k) = -k**2 - 9*k + 11. Let u be -1 - (-5 + 3 + -21). Suppose 5*o + 3 = -2*q - 55, 0 = 3*o - 2*q + u. Determine c(o).
1
Let u(h) = 6*h**2 - 2*h - 8. Let l be u(-1). Let o(x) be the third derivative of l + 0*x - 5/24*x**4 + 2/3*x**3 - 30*x**2. Determine o(5).
-21
Let t be (1 - 2)/(0 - 1). Let g(h) = 22*h - 54*h + 35*h + 3*h**2 - 2. What is g(t)?
4
Suppose -4*j - c = -0*c - 205, -3*c + 215 = 4*j. Suppose j - 30 = -4*h. Let m(d) = 3 - 2 + d + 34*d - 33*d. Calculate m(h).
-9
Let n(f) = 2*f**2 - 4*f + 3. Let r be (18/(-8))/((-597)/796). Determine n(r).
9
Let l(v) = -13*v**2 - 20*v - 13. Let s(i) = 3*i**2 + 5*i + 3. Suppose -32*q + 46 = 334. Let y(z) = q*s(z) - 2*l(z). Let o be -6 - (0 - 2/2). Determine y(o).
-1
Let u(f) = 24*f + 49. Let a(p) = -80*p - 153. Let c(k) = -2*a(k) - 7*u(k). Determine c(-6).
11
Let x(p) = 436*p + p**2 + 448*p + 433*p - 32 + 0*p**2 - 1331*p. Determine x(19).
63
Let t be -6*3/6*-1. Suppose t*k + 0*k = 3. Suppose 2*l = y - 13, 0 = l - 5*y - k - 6. Let z(h) = -h**2 - 7*h + 9. Calculate z(l).
1
Suppose -16*p + 3456 = -4*p. Let f = p - 288. Let v(s) = 5*s**2 + 5*s - 5. Let g(c) = 4*c**2 + 4*c - 5. Let w(x) = 4*g(x) - 3*v(x). What is w(f)?
-5
Let h(v) = -2*v**2 + 3*v. Let q(c) = -13*c - 55. Let g(f) = f**2 - 6*f - 12. Let d be g(7). Let a be q(d). Suppose 0 = -5*k - 0*k + a. Calculate h(k).
-2
Let z = 8172 - 8173. Let m(o) = 10*o**3 + o**2 - o - 1. Determine m(z).
-9
Let g(r) be the first derivative of -9*r - 1/4*r**4 + 0*r**2 + 4/3*r**3 - 47. Give g(4).
-9
Let p = 50 + -39. Let f(d) = -p + 20 + 2*d + 3. Give f(-6).
0
Let i(c) = 4*c + 16. Let s(k) = 2*k + 8. Let f(z) = -2*i(z) + 5*s(z). Let a be f(3). Let j be ((-12)/(-14))/6 - 30/a. Let t(m) = -m**2 + 1. Calculate t(j).
-3
Let o(a) = 7*a - 74. Suppose -9*y + 28 = -80. Let v be o(y). Let w(b) = b**2 - 10*b + 1. Determine w(v).
1
Let o(l) = 2*l**2 - 11*l - 11. Let z(n) = n**2. Let p(g) = -o(g) + 3*z(g). Let c be (-26)/91 + 525/(-49). Determine p(c).
11
Let l(q) = 137 + 5*q - 3*q + 0*q + 2*q - 140. Calculate l(4).
13
Let p(n) = n**2 - n + 1. Let h be -4 + 1 + 4 + 0. Let d(t) = -6*t**2 - 4*t + 5. 